its digit of f?
3
Let m = -114 - -108. What is the units digit of (3 - 2 - m) + 672?
9
Let n = 279 - 272. What is the units digit of (n + 0)/1*(-1 - -2)?
7
Let q be (2 - -2)*(-4)/8*-50. Let d = q - 28. Let m = -58 + d. What is the units digit of m?
4
Suppose s = -2*m + 8, 3*s - m - 1 = s. Suppose -s*q - 3*b = -895, 2*q = b - 0*b + 915. What is the hundreds digit of q?
4
Let z(s) = -10*s - 4. Let d be z(0). Let w(q) = -23*q + 14. What is the hundreds digit of w(d)?
1
Let f(y) = -4*y + 6. Let o(g) = 4*g - 5. Let d(p) = 4*f(p) + 5*o(p). Let u(n) = 11*n - 3. Let z(q) = -7*d(q) + 2*u(q). What is the tens digit of z(-2)?
1
Suppose -j = 3, 4*n - j + 4*j = 2255. Suppose 6*t + 340 = -n. What is the units digit of (-16)/48 + t/(-3)?
0
Let u(m) = 749*m**2 + 33*m + 28. Let s(v) = -375*v**2 - 17*v - 14. Let j(k) = 7*s(k) + 4*u(k). What is the tens digit of j(-1)?
7
Let s(p) = -p**3 - 2*p**2 + p - 3. Let y be s(-3). Let w be (35/(-7))/((-1)/y). Suppose 2*l + w = 4*n + 173, -2*l = n - 168. What is the units digit of l?
3
Suppose b = -4*n + 4051, 4*n + 5*b = -0*n + 4079. What is the tens digit of n?
1
Let z(b) = -7*b**2 - b - 3. Let s be (-1)/(-3)*1*6. Let p be z(s). What is the units digit of (-1)/(-3) + (-1375)/p?
2
Let h(k) = 4*k**2 + 13*k + 28. Let v be h(-2). Suppose -10*o - 7192 = -v*o. What is the tens digit of o?
9
Let w(j) = 14*j**2 + 4*j - 5. Let m be w(-4). Suppose -n - 2*n = f - m, 0 = -2*f - 2*n + 418. What is the units digit of (-30)/(-50) + f/5?
3
Let p = -367 + 371. Suppose -4*v - 3*s + 3028 = 0, -2985 - 67 = -p*v + 3*s. What is the tens digit of v?
6
Let t be (1 + -3 + 3)*(119 + -4). Let z = 248 - t. Let b = z - 38. What is the units digit of b?
5
Suppose 93*j + 6 = 90*j. Let q(s) = -6*s**3 + s**2 - s - 7. What is the units digit of q(j)?
7
Let y(x) = -1298*x + 37. Let m(c) = 1947*c - 54. Let p(l) = -5*m(l) - 8*y(l). What is the hundreds digit of p(1)?
6
Let l be ((-2)/6)/((-21)/252). Suppose -15*t = -14*t + 2*u - 974, l*u - 982 = -t. What is the tens digit of t?
6
Let z(i) = -i**3 + 35*i**2 - 28*i - 19. Let y be z(34). Suppose -y*c = -186*c + 241. What is the units digit of c?
1
Suppose 42 = -l - p - 2*p, -l + 2*p - 37 = 0. Let z = 39 + l. Suppose z = -5*w + 2*w + 627. What is the hundreds digit of w?
2
Let t = -635 + 214. Let u = -2442 + 2234. Let w = u - t. What is the hundreds digit of w?
2
Let o = 2056 + 42880. What is the units digit of o?
6
Suppose l - 10 = -4*r, -4*r - 2*l = r - 14. Suppose 47 + 207 = r*f. What is the tens digit of f?
2
Suppose -5*c - 5*k + 244365 = 0, -183*c + 187*c + 2*k - 195508 = 0. What is the hundreds digit of c?
8
Let i(r) = -109*r**3 + 2*r**2 + r + 4. Let u(h) = 327*h**3 - 6*h**2 - 3*h - 12. Let l(g) = -11*i(g) - 4*u(g). What is the units digit of l(-2)?
2
Let d(o) = -1864*o - 5415. What is the ten thousands digit of d(-30)?
5
Suppose -5*y + 5 = 0, 14833 = -4*b + 6*b - y. What is the units digit of b?
7
Let i(o) = o**3 + 10*o**2 + 10*o + 15. Let r be i(-7). Let q = 81 - r. What is the units digit of (-4)/22 - (4 - (-321)/q)?
5
Let x(j) = -j + 2. Suppose -4*v + 8*v = -32. Let f be x(v). Suppose f = 3*w - 176. What is the units digit of w?
2
Let h = 7811 - 1047. What is the hundreds digit of h?
7
Let y = -12136 - -36234. What is the tens digit of y?
9
Let x(i) = -5*i**3 - 3*i**2 + 2*i + 1. Let v be x(2). Let j = -45 - v. Suppose 0 = r + j*r - 210. What is the tens digit of r?
7
Let i = -17585 - -19280. What is the thousands digit of i?
1
Let i(w) = 19790*w + 118. What is the ten thousands digit of i(1)?
1
Let u(l) = 8*l - 28. Let k(g) = 17*g - 57. Let s(w) = 4*k(w) - 7*u(w). Let m be s(3). Suppose -2*i + m*i = 516. What is the units digit of i?
8
Suppose 2*j + 3*y = 821, 6*y = -2*j + 7*y + 841. Let o = 39 + j. What is the hundreds digit of o?
4
Let t = -2106 - -4933. Let i = t + -1957. What is the hundreds digit of i?
8
Suppose 5*z - 14*z + 71243 - 24263 = 0. What is the tens digit of z?
2
Let g(m) = -2*m**2 - 4*m - 11. Let q(s) = s**2 + 2*s + 6. Let v(i) = -3*g(i) - 5*q(i). Let p be v(13). What is the tens digit of (20/(-8))/(-5)*p?
9
Let h(t) = 5*t + 7. Let b be h(16). Let y be (-3)/(-1)*((-40)/6)/5. What is the units digit of (y/(-6))/(2/b)?
9
What is the tens digit of (((-2795)/325)/(3/(-30)))/((-2)/(-205))?
1
Let f be 7*(-2)/(-14)*4. Suppose 4*d = 7*d - f*a - 1496, 5*a = d - 506. What is the hundreds digit of d?
4
Suppose q - 5*i = -0*q - 31, 4*i - 126 = 3*q. Suppose 0 = 2*d + 225 + 465. What is the tens digit of (36/2 - -2)*d/q?
5
Let u be (-6)/5*((-40)/6)/2. What is the tens digit of (39/9 + -7 + u)*180?
4
Let w(r) = 5*r - 30. Suppose 0 = -j + g - 6*g - 13, -5*j + g = -39. Let n be w(j). Suppose -20 = -0*o + n*o, -b = -4*o - 145. What is the hundreds digit of b?
1
Let l = 1385 - -4649. What is the tens digit of l?
3
Let p be (-48)/(-6) + -7 - -12811. What is the units digit of -1 + p/14 + 33/(-231)?
4
Let j be (-15)/(-3)*16/40. Let p(i) = -2*i**3 + 3*i**2 - 3*i + 1. Let v be p(j). What is the units digit of 106 - (-2 + 2 + v/(-3))?
3
Suppose -68*p + 55*p = -76531. Suppose 27*c - p = 16631. What is the hundreds digit of c?
8
Let t(u) be the first derivative of u**4/4 + 2*u**3 - 2*u**2 - 3*u - 50. Suppose -d - 18 = 2*d. What is the units digit of t(d)?
1
What is the tens digit of 12 + 10 + -19 - -8124?
2
Let t(b) = -1547*b - 544. What is the hundreds digit of t(-24)?
5
Let u(c) = -118*c - 684. What is the tens digit of u(-37)?
8
Suppose -3*u + 613 = -2*z, -2*u = -3*u + 2*z + 203. Suppose 8*m - u = 115. Suppose 2*h - m = -3*h. What is the units digit of h?
8
Let g(z) = 377*z + 6. Let s be g(1). Suppose -380*h = -s*h + 1194. What is the units digit of h?
8
Let d = 490 + -38. What is the hundreds digit of d?
4
Suppose 5*n - 89*w - 36667 = -85*w, 2*w + 29336 = 4*n. What is the hundreds digit of n?
3
Suppose 171 = 4*w - o, -3*w + 5*o = 5 - 112. Suppose 42*r + 166 = w*r. What is the tens digit of r?
8
What is the units digit of 4813 - (-80)/(-8) - 9?
4
Let j = -492 + 1513. Suppose 0 = -9*p + 356 + j. Suppose 4*u - 179 = p. What is the units digit of u?
3
Let s = 25187 - 14778. Suppose 684*o - s = 677*o. What is the tens digit of o?
8
Let m(u) = 72*u**2 - 3*u + 2. Let i(k) = -2*k + 17. Let r be i(8). Let g be m(r). Suppose -5*v = -6*a + 2*a - 260, -3*a = v - g. What is the tens digit of v?
5
Suppose 3*z - 5*o = 51900, 0 = 5*z - 3*o + 52412 - 138944. What is the tens digit of z?
1
Let v(q) = 55*q**2 + 2*q + 4. Let a be 132*(1 - 15/10). Let s = -68 - a. What is the units digit of v(s)?
0
Suppose -3*o + 2*n = 109 - 1666, 0 = 2*o + n - 1045. Suppose 0 = 8*m - 9097 + o. Suppose -9*g - m = -17*g. What is the units digit of g?
4
Suppose -l = -4*c + 32910, -2*l - 45260 + 12348 = -4*c. What is the hundreds digit of c?
2
Let g(r) = -55*r + 35. Let u be g(7). What is the units digit of ((-3)/2)/(35/u)?
5
Let w = -87 - -76. Let d = 82 + w. Let b = d + -13. What is the tens digit of b?
5
Let z be -5 + (0 - 15)*(-480)/150. Suppose 0 = z*c - 52486 + 13872. What is the hundreds digit of c?
8
Let d = 83331 + -44927. What is the ten thousands digit of d?
3
What is the units digit of (589/(-76) - -18)*36?
9
Let p(v) = 43*v**3 + 5*v**2 - 6*v - 160. What is the units digit of p(7)?
2
Suppose -b + 1065 = q - 3*b, 0 = 3*q + 3*b - 3177. What is the tens digit of q?
6
Suppose -233356 = -4*j + 4*b, -3*j + 2*j + 58332 = 6*b. Suppose -45*i = -11862 - j. What is the units digit of i?
0
Let t = 1490 - 1498. Let u(q) = 7*q**2 + 37*q + q**2 - 2*q**2 + 15 - 15*q. What is the units digit of u(t)?
3
Let d = 41426 + -20488. What is the thousands digit of d?
0
Let d = 5104 - -3026. What is the hundreds digit of d?
1
Suppose -4 = -8*j - 28. Let n be 1/(-4 - j) - (23 + -2). Let w = n - -137. What is the hundreds digit of w?
1
Suppose -6 = -10*p + 11*p. Let x(v) = -v - 9. Let u be x(p). What is the units digit of (1 + -151)/(-5 - u)?
5
Let b(c) = -20*c - 7. Let y be b(-1). Suppose -x = -4*i + 23, -2*i + x - 2*x + y = 0. Suppose i*h - 12 = -0*h. What is the units digit of h?
2
Suppose 0 = 4*i + 24, 5*z + 288*i - 290*i - 28582 = 0. What is the hundreds digit of z?
7
Let c(r) = 710*r + 185. What is the tens digit of c(9)?
7
Suppose -6*v = -2*u - 5*v - 40, 5*v = 5*u + 100. What is the tens digit of (u - -312) + 21/(-3)?
8
Let m be (13 - 19)*2/(-3). Sup